of p?
2
Let p(x) = x**2 + 4*x + 14. Let s be p(-11). Suppose 8*b + d - 163 = 3*b, 3*b - s = -4*d. What is the units digit of b?
3
Suppose 57*y = 64*y - 686. What is the tens digit of y?
9
Suppose 5*t + 0*t - 5*q - 930 = 0, -4*t - 4*q + 704 = 0. Let d = t + -128. What is the tens digit of d?
5
Suppose 5*w = -b + 15, -2*b = 3*b. Suppose w = j, 460 = 4*i - 2*j + 118. What is the tens digit of i?
8
Let r = -48 + 34. Let z be (1 - 6)/(-15 - r). What is the tens digit of (-6)/(-10) - (-57)/z?
1
Let q(z) = -8*z + 1 + 16 + 11*z. What is the units digit of q(9)?
4
Suppose 65062 = 76*x - 82378. What is the units digit of x?
0
Let f = 103 + 16. What is the hundreds digit of f?
1
Let i(s) = 15*s**2 - 2. Let z be i(-3). Let f be z/(-4) - (-2)/8. Let x = -19 - f. What is the tens digit of x?
1
Let r = 356 - 306. What is the tens digit of r?
5
Let t be 6/12 + 19/2. Suppose -t*m + 284 = -14*m. Let z = m - -120. What is the tens digit of z?
4
Suppose -90 = 2*c + 3*c. Let h = 77 - c. What is the units digit of h?
5
Suppose 0 = -c + 2*k + 8 + 12, 106 = 5*c - 4*k. What is the units digit of (6 - 3) + (c - 2)?
3
Suppose -11331 = -265*f + 256*f. What is the tens digit of f?
5
Let y = -24 + 24. Suppose -4*p + 0*p + 256 = y. What is the tens digit of p?
6
Let s(j) = -7*j - 2*j - 4*j - 2. Let a = -48 - -46. What is the units digit of s(a)?
4
Let g(f) = -f**2 - f - 4. Let z be g(-3). Let c(t) = -t**3 - 9*t**2 + 4*t + 6. What is the units digit of c(z)?
6
Let f = 1167 + -820. Suppose f = 7*n - 1263. What is the units digit of n?
0
What is the hundreds digit of 411 + 1/(-5 + (-28)/(-6))?
4
Let n = -1293 + 2161. What is the tens digit of n?
6
Let v = 2035 + -984. What is the thousands digit of v?
1
Suppose -36*l + 51197 = -10867. What is the units digit of l?
4
Let j(o) = -o**3 - 2*o**2 + 9*o + 6. Let p be j(-4). Suppose 3*z = -5*r - 44 - 5, -4*z + 30 = -p*r. Let c = -1 - r. What is the units digit of c?
0
Suppose 0 = -i - 2, -3*k + 4*k - i - 78 = 0. Let s = 40 + k. What is the hundreds digit of s?
1
Let r(n) = -n + 28. Let d be r(20). Let i(o) = o**2 - 4*o - 10. What is the units digit of i(d)?
2
Let n(k) = 3*k - 12. Let j(t) = -16*t + 59. Let a(x) = -2*j(x) - 11*n(x). Let p be a(14). Let i = p + 6. What is the units digit of i?
6
Suppose 51*d = 48*d + o + 6960, -4*d - 3*o = -9293. What is the units digit of d?
1
Let d = -134 - -1586. What is the tens digit of d?
5
Let d = 9521 - 5363. What is the thousands digit of d?
4
Suppose 0 = 3*n + g + 4*g - 182, 5*n - 3*g = 360. Let t = -54 + n. What is the units digit of t?
5
Let q(a) = -1 - 3*a - a**3 + 23 + 19*a + 16*a**2 - 3. What is the units digit of q(17)?
2
Let t = -230 - -159. Let q = t - -266. What is the units digit of q?
5
Let z be -1*4*9/4. Let d(f) = -11*f - 2. What is the tens digit of d(z)?
9
Let w(v) = 2*v**2 - 2*v - 1. Let j be w(2). Let k = -137 + 141. Suppose 0*t + k*t - 50 = 2*q, -j*q - 55 = -4*t. What is the tens digit of t?
1
Suppose l + 0*f - 21 = 2*f, 2*f = 2*l - 40. Let s = 40 - l. What is the tens digit of s?
2
Suppose 29*d - 1260 = d. What is the units digit of d?
5
Suppose 5*j - 5869 - 21 = 5*f, -2*f - 1179 = -j. What is the tens digit of j?
7
Let u(b) = 3*b**2 + 19*b + 32. What is the units digit of u(-10)?
2
Suppose -23*f + 26*f = 738. What is the tens digit of f?
4
Suppose -3*d + 948 = 2*t, -t + 474 = 7*d - 8*d. What is the units digit of t?
4
Let k be 61/4 + (-2)/8 + 0. Suppose -72 = 6*p - k*p. What is the units digit of p?
8
Let s = -13 - -18. Suppose -3*u = 6 + 3, s*x + 3*u - 186 = 0. What is the units digit of x?
9
Let c(o) = 5*o**2 - 18*o + 29. What is the tens digit of c(13)?
4
Let f = 7 + -3. Let h be (-2)/f + 3/2. Suppose 5*r = h - 6, 2*p + 2*r = 52. What is the tens digit of p?
2
Suppose -7156 + 1852 = -13*m. What is the units digit of m?
8
Suppose 3*t + 228 = 3*d, 0 = -5*t - 0*d + d - 360. Let s = -57 - t. What is the units digit of s?
4
Let q = 10 - -3. Suppose -g + q = 2*w, 2*g = 3*w - 0*g - 2. Suppose 5*s = 3*x + 170, w*s - 2*s = 3*x + 59. What is the units digit of s?
7
What is the units digit of (-10)/(-25) - 976/(-10)?
8
Let u(x) = 6*x + 101. Let a be u(-16). Suppose -5*z + p + 4*p + 25 = 0, 4*p + 14 = 2*z. Suppose a*o - 40 = z*o. What is the tens digit of o?
2
Suppose 0 = -119*u + 132*u - 34034. What is the thousands digit of u?
2
Suppose 62*d = 71*d - 43884. What is the tens digit of d?
7
Let m be 34/6 - (-2)/(-3). Suppose -26 = -4*i - 2*k, m*i + 6 = -3*k + 39. Suppose 3*q = -i, -4*b + 4*q - 264 = -8*b. What is the tens digit of b?
6
Suppose 0*x - x + 34 = 0. Let i = -39 - -15. Let n = i + x. What is the units digit of n?
0
Let n(g) = -g**3 - 6*g**2 + 2*g - 16. Let a be n(-7). Suppose 21*m - a*m = 24. What is the tens digit of m?
1
Suppose -7*y + 1705 = -2*y. Suppose 429 = 10*a - y. What is the units digit of a?
7
Suppose 19 + 22 = 4*z + m, 4*z = -2*m + 38. Suppose j = -2*n + z, j + 2*n + 23 = 2*j. What is the units digit of j?
7
Let b = 1313 + -1086. What is the hundreds digit of b?
2
Suppose -3*j + d = -4188, 11*j + 1396 = 12*j - 2*d. What is the hundreds digit of j?
3
Let h = 36 + -38. Let o = -3 - -5. What is the units digit of h*3/(-2)*o?
6
Let b be (2 + -5)/(1/(-2)). Let z be 9/27*(b - 0). Suppose z*m = 5*q - 267, 5*q - 255 = 5*m - 0*m. What is the units digit of q?
5
Let n(q) = 1153*q**3 + 6*q - 7. What is the hundreds digit of n(1)?
1
Suppose 0 = -4*a - 4 + 24. Suppose 0 = -2*j - 3*i + 131, -2*j + a*j - 244 = 5*i. What is the tens digit of j?
7
Let b(y) = 3*y**2 - 10*y + 26. Let n be b(5). Let a = n + -12. What is the tens digit of a?
3
Let w(d) = -21*d**3 - d - 1. Let f be w(-1). Suppose -4*m = m. Let h = f - m. What is the units digit of h?
1
Suppose 0 = -12*u - 127 - 77. Let y = u - -71. What is the units digit of y?
4
Suppose -u = -5*f + 4*u - 95, -f + 4*u = 25. What is the tens digit of (-5)/20*10*(1 + f)?
4
Suppose -3*z = -z + 8. Let l = 54 + z. Suppose 3*v - l = 16. What is the tens digit of v?
2
Let u = -498 + 783. Suppose 5*z - u = 245. What is the units digit of z?
6
Let k = -176 - -984. What is the units digit of k?
8
Let p = 15 - 37. Suppose 4*v = 3*q + 19, -2*q = 5*v + 2*q - 16. What is the units digit of (-6)/v + p/(-4)?
4
Let v(g) = -g**3 - 3*g**2 + 2. Let z be v(-2). Let x be -24*(z + (0 - -1)). Let c = 3 + x. What is the units digit of c?
7
Let g(o) = 69 + 62 + 30 - 5*o. What is the hundreds digit of g(0)?
1
Suppose -3*u = 5*i - 40, -25 = -5*i + u + 15. Suppose i*w = 6*w + 200. What is the units digit of w?
0
Suppose -k = k - 96. What is the units digit of k?
8
Let y = -81 - -329. Suppose -d + y = d. What is the units digit of d?
4
Let w(y) = -y - 4. Let i be w(3). Let g = i + 9. What is the units digit of 27 + -4 - 1*g?
1
Let o = -62 + 734. What is the hundreds digit of o?
6
Let f = 6 + -8. Let l be (0/f)/(-4 + 3). Suppose -2*s - 2*t + 36 = -l*s, 0 = -5*s - 2*t + 96. What is the units digit of s?
0
Suppose -g = 15*k - 14*k - 3886, -4 = 4*k. What is the thousands digit of g?
3
Let y be (-9023)/35 - (12/10 + -1). Let k = -150 - y. What is the hundreds digit of k?
1
Suppose 32 = -2*s + 6*s. Let y(p) = -p**2 + 8*p + 8. Let g be y(s). Let n = 10 - g. What is the units digit of n?
2
Let w(t) be the third derivative of -t**4/12 + t**3 + 14*t**2. What is the units digit of w(-6)?
8
What is the thousands digit of 23449/4 + -8 + (-186)/(-24)?
5
Suppose 68*u - k - 12606 = 64*u, -5*k = -u + 3161. What is the units digit of u?
1
Suppose -3*p + 0 - 3 = 0. What is the tens digit of p + (4 - (-63 - 0))?
6
Suppose 5*j = -5*k + 20, 5*k - 4 = -4*j + 8. Let n(y) = y**3 - 7*y**2 - 16. What is the units digit of n(j)?
8
Let l = 5 + -9. Let j(a) = a**2 + 5*a + 4. Let o be j(l). Suppose o = -4*f - 4, -2*t - f - 2*f = -39. What is the tens digit of t?
2
Suppose -42*k + 184 = -34*k. What is the units digit of k?
3
Let h = 522 - 293. What is the units digit of h?
9
Let l(i) = -i**3 - 14*i**2 + 12*i - 35. Suppose 3*c - 7*c - a = 60, -3*c = -4*a + 45. What is the tens digit of l(c)?
1
Suppose -44 = -0*g + 4*g. Suppose 135*o = 140*o - 165. Let m = g + o. What is the tens digit of m?
2
Let a(q) = q**3 + 4*q**2 + 3*q + 4. Let l be -3*(-1)/2*-2. Let s be a(l). Suppose 6 + s = 5*m. What is the units digit of m?
2
Let c = -166 + 309. Let k = c + -58. Suppose -4*s + k = -47. What is th